{"id":32,"date":"2010-05-03T07:58:54","date_gmt":"2010-05-03T10:58:54","guid":{"rendered":"http:\/\/www.unitarismobiblico.com\/1\/?page_id=32"},"modified":"2023-08-12T17:50:57","modified_gmt":"2023-08-12T20:50:57","slug":"versiculos-comentados-3","status":"publish","type":"page","link":"https:\/\/www.unitarismobiblico.com\/w\/","title":{"rendered":"Inicial"},"content":{"rendered":"<div>\n<p style=\"text-align: center;\"><strong>Comunga com essas ideias? <\/strong><\/p>\n<p style=\"text-align: center;\"><strong>Participe do grupo Unitarismo B\u00edblico no Google Groups<\/strong><\/p>\n<p style=\"text-align: center;\">Cadastre-se no Grupo \u00a0usando seu e-mail j\u00e1 existente: Gmail, Yahoo, Bol, Hotmail, \u00a0R7, etc.,z<\/p>\n<p style=\"text-align: center;\"><strong><a href=\"https:\/\/accounts.google.com\/SignUpWidget?service=groups2&amp;continue=https%3A%2F%2Fgroups.google.com%2Fgroup%2Funitarismobiblico%2Fsubscribe%3Fhl%3Dpt%26note%3D1&amp;hl=pt-BR\">CADASTRAR&#8211;SE NO GRUPO<\/a><\/strong><\/p>\n<p style=\"text-align: center;\">Se j\u00e1 se cadastrou<\/p>\n<p style=\"text-align: center;\"><a href=\"https:\/\/accounts.google.com\/ServiceLogin?service=groups2&amp;passive=1209600&amp;continue=https:\/\/groups.google.com\/group\/unitarismobiblico?hl%3Dpt&amp;followup=https:\/\/groups.google.com\/group\/unitarismobiblico?hl%3Dpt&amp;hl=pt\"><strong>ACESSE O GRUPO<\/strong><\/a><\/p>\n<div style=\"text-align: center;\"><span style=\"color: #3366ff;\">O CONTE\u00daDO E\/OU A REDA\u00c7\u00c3O S\u00c3O REGULARMENTE ATUALIZADOS<\/span><\/div>\n<hr \/>\n<h1 style=\"text-align: center;\"><span style=\"color: #800000;\">Vers\u00edculos e textos<\/span><\/h1>\n<p>Ap\u00f3s a morte do \u00faltimo ap\u00f3stolo o mundo crist\u00e3o seguiu seu rumo. A hist\u00f3ria revela que a doutrina ensinada por eles e pelo Senhor Jesus Cristo foi, desde cedo, adaptada aos regionalismos das distantes terras onde o evangelho alcan\u00e7ou. O gnosticismo foi uma das primeiras inser\u00e7\u00f5es decorrente da expans\u00e3o. A preserva\u00e7\u00e3o da s\u00e3 doutrina estava amea\u00e7ada. Logo depois come\u00e7ou a surgir, tamb\u00e9m, um sentimento antissemita muito forte que culminou no afastamento do conservador conceito de Deus como sendo um, \u00fanico e um s\u00f3. O conceito crist\u00e3o de Deus j\u00e1 n\u00e3o teria o compromisso de ser tal qual ensinado desde sempre nas escrituras tanto hebraicas, quanto gregas, mas passava a agregar novos valores. Uma nova filosofia a esse respeito come\u00e7ava a surgir; mudou-se a teologia; implementou-se nova fraseologia, defini\u00e7\u00f5es inexistentes na B\u00edblia passaram a fazer parte do cotidiano. A despeito da plena unidade de Deus ensinada nas \u00e9pocas b\u00edblicas surgiam, <em>a posteriore<\/em>, conceitos como pluralidade, subst\u00e2ncia, composi\u00e7\u00e3o e etc. Vers\u00edculos b\u00edblicos foram usados e textos foram cunhados tentando dar suporte a essas novas ideias. Aqui vamos comentar os mais conhecidos deles.<\/p>\n<p><strong>Observa\u00e7\u00e3o:<\/strong> O site ou seu mantenedor n\u00e3o \u00e9 vinculado e nunca pertenceu a organiza\u00e7\u00e3o religiosa dos TJs, nem defende a linha universalista.<\/p>\n<p>Bons estudos!<\/p>\n<p>Dividimos os coment\u00e1rios por blocos.<\/p>\n<p><strong>Vers\u00edculos diretamente usados para afirmar que Jesus \u00e9 Deus coigual com Yahweh, seu Pai.<\/strong><\/p>\n<ul>\n<li><a title=\"Gn. 19.24 (&quot;Yahweh mandou foco da parte de Yawheh. Yahweh \u00e9 dois?&quot;\" href=\"https:\/\/www.unitarismobiblico.com\/w\/2012\/09\/10\/gn-19-24\/\">Gn. 19.24<\/a> (Yahweh mandou fogo da parte de Yahweh. Dois s\u00e3o Yahweh?)<\/li>\n<li><a title=\"Is. 6.8 com Mc. 12.37\" href=\"https:\/\/www.unitarismobiblico.com\/w\/2011\/08\/31\/is-6-8-com-mc-12-37-isaias-viu-a-gloria-dele-dele-quem\/\">Is. 6.8 \u00a0com Jo. 12.37<\/a> (&#8220;Isa\u00edas viu a Gl\u00f3ria dele&#8221;. &#8220;Dele&#8221; quem?)<\/li>\n<li><a title=\"Is. 9.6\" href=\"https:\/\/www.unitarismobiblico.com\/w\/2010\/05\/03\/is-96\/\">Is. 9.6<\/a> (Deus Forte e Pai da Eternidade)<\/li>\n<li><a title=\"Is. 43.11,12\" href=\"https:\/\/www.unitarismobiblico.com\/w\/2010\/05\/12\/is-43-1112\/\">Is. 43.11,12<\/a> (Fora de mim n\u00e3o h\u00e1 salvador)<\/li>\n<li><a title=\"Zc. 11.12, 13\" href=\"https:\/\/www.unitarismobiblico.com\/w\/2011\/10\/31\/zc-11-1213-quem-foi-avaliado-yahweh-ou-jesus\/\">Zc. 11.12, 13<\/a> (Quem foi avaliado, Yahweh ou Jesus?)<\/li>\n<li><a title=\"Zc. 12.10\" href=\"https:\/\/www.unitarismobiblico.com\/w\/2011\/06\/13\/zc-12-10\/\">Zc. 12.10<\/a> (Quem foi o traspassado?)<\/li>\n<li><a title=\"Mc. 2.5\" href=\"https:\/\/www.unitarismobiblico.com\/w\/2010\/05\/11\/mc-2-6\/\">Mc. 2.6<\/a>\u00a0(Quem pode perdoar pecados, sen\u00e3o Deus?)<\/li>\n<li><a title=\"Mt. 9.4\" href=\"https:\/\/www.unitarismobiblico.com\/w\/2010\/05\/11\/mt-9-4\/\">Mt. 9.4<\/a> (A onisci\u00eancia de Jesus)<\/li>\n<li><a title=\"Mt. 28.18\" href=\"https:\/\/www.unitarismobiblico.com\/w\/2010\/05\/11\/mt-28-18\/\">Mt. 28.18<\/a> (A onipot\u00eancia de Jesus)<\/li>\n<li><a title=\"Jo. 1.1\" href=\"https:\/\/www.unitarismobiblico.com\/w\/2010\/05\/03\/jo-1-1\/\">Jo. 1.1<\/a> (O Verbo era Deus)<\/li>\n<li><a title=\"Jo. 1.2,3\" href=\"https:\/\/www.unitarismobiblico.com\/w\/2010\/05\/03\/jo-1-23\/\">Jo. 1.2,3<\/a> (As coisas foram feitas por ele)<\/li>\n<li><a title=\"Jo. 8.58\" href=\"https:\/\/www.unitarismobiblico.com\/w\/2010\/05\/03\/jo-8-58\/\">Jo. 8.58<\/a> (EU SOU)<\/li>\n<li><a title=\"Jo. 10.30\" href=\"https:\/\/www.unitarismobiblico.com\/w\/2010\/05\/03\/jo-10-30\/\">Jo. 10.30<\/a> (Eu e o Pai somos um)<\/li>\n<li><a title=\"Jo. 14.9\" href=\"https:\/\/www.unitarismobiblico.com\/w\/2010\/05\/03\/jo-14-8\/\">Jo. 14.9<\/a>\u00a0(Quem me v\u00ea a mim v\u00ea o Pai)<\/li>\n<li><a title=\"Jo. 20.27,28\" href=\"https:\/\/www.unitarismobiblico.com\/w\/2010\/05\/03\/jo-20-27-28\/\">Jo. 20.27,28<\/a> (Senhor meu, e Deus meu)<\/li>\n<li><a title=\"Jo. 20.27,28\" href=\"https:\/\/www.unitarismobiblico.com\/w\/2023\/08\/12\/sera-que-at-5-34-ensina-que-o-espirito-santo-e-a-terceira-pessoa\/\">At. 5.3,4<\/a>\u00a0 (O racioc\u00ednio trinit\u00e1rio torna Pedro o Esp\u00edrito Santo)<\/li>\n<li><a title=\"At. 20.28\" href=\"https:\/\/www.unitarismobiblico.com\/w\/2013\/08\/30\/at-20-28-2\/\">At. 20.28<\/a> (Igreja de Deus que ele resgatou com seu pr\u00f3prio sangue)<\/li>\n<li><a title=\"Rm. 9,5\" href=\"https:\/\/www.unitarismobiblico.com\/w\/2010\/05\/08\/129\/\">Rm. 9.5<\/a> (Deus bendito eternamente)<\/li>\n<li><a href=\"https:\/\/www.unitarismobiblico.com\/w\/2019\/12\/09\/rm-10-13-jesus-e-yahweh\/\">Rm. 10.13<\/a>\u00a0(Jesus \u00e9 Yahweh?)<\/li>\n<li><a title=\"II Co. 5.18,19\" href=\"https:\/\/www.unitarismobiblico.com\/w\/2010\/05\/08\/ii-co-5-1819\/\">II Co. 5.18,19<\/a> (Deus estava em Cristo)<\/li>\n<li><a title=\"Fp. 2.5,6\" href=\"https:\/\/www.unitarismobiblico.com\/w\/2010\/05\/08\/fp-2-5-6\/\">Fp. 2.5,6<\/a> (n\u00e3o ter por usurpa\u00e7\u00e3o ser igual a Deus)<\/li>\n<li><a title=\"Cl. 2.8,9\" href=\"https:\/\/www.unitarismobiblico.com\/w\/2010\/05\/08\/cl-2-89\/\">Cl. 2.8,9<\/a> (a plenitude da divindade)<\/li>\n<li><a title=\"Tt. 2.13\" href=\"https:\/\/www.unitarismobiblico.com\/w\/2010\/05\/08\/tt-2-13\/\">Tt. 2.13<\/a> (Deus e salvador Jesus Cristo)<\/li>\n<li><a title=\"Hb. 1.8\" href=\"https:\/\/www.unitarismobiblico.com\/w\/2010\/05\/08\/hb-1-8\/\">Hb. 1.8<\/a> (Teu trono \u00f3 Deus)<\/li>\n<li><a title=\"Hb. 7.3\" href=\"https:\/\/www.unitarismobiblico.com\/w\/2013\/08\/31\/hb-7-3-e-a-eternidade-de-jesus\/\">Hb. 7.3<\/a>\u00a0(Jesus sem in\u00edcio ou fim de dias. Eterno?)<\/li>\n<li><a title=\"Hb. 13.8\" href=\"https:\/\/www.unitarismobiblico.com\/w\/2014\/10\/15\/hb-13-8-sera-jesus-eterno\/\">Hb. 13.8<\/a>\u00a0(Ontem, hoje e eternamente. Ser\u00e1 Jesus eterno?)<\/li>\n<li><a title=\"II Pd. 1.1\" href=\"https:\/\/www.unitarismobiblico.com\/w\/2013\/01\/03\/ii-pe-1-1-2\/\">II Pd. 1.1<\/a> (Deus e salvador Jesus Cristo)<\/li>\n<li><a title=\"I Jo. 5.20\" href=\"https:\/\/www.unitarismobiblico.com\/w\/2010\/05\/08\/i-jo-5-20\/\">I Jo. 5.20<\/a> (Este \u00e9 o verdadeiro Deus)<\/li>\n<li><a title=\"Jd. v.4\" href=\"https:\/\/www.unitarismobiblico.com\/w\/2010\/05\/08\/jd-v-4\/\">Jd. v.4<\/a> (Deus, nosso \u00fanico dominador e Senhor, Jesus Cristo)<\/li>\n<li><a title=\"Ap. 21.7\" href=\"https:\/\/www.unitarismobiblico.com\/w\/2010\/05\/08\/ap-21-7\/\">Ap. 21.7<\/a> (Eu serei seu Deus)<\/li>\n<\/ul>\n<p style=\"text-align: center;\">______________________________________<\/p>\n<p><strong>Vers\u00edculos cuja reda\u00e7\u00e3o diverge em pontos significativos, dependendo da vers\u00e3o b\u00edblica utilizada.<\/strong><\/p>\n<\/div>\n<div>\n<ul>\n<li><a title=\"Sl. 110.1\" href=\"https:\/\/www.unitarismobiblico.com\/w\/2010\/05\/10\/sl-110-1\/\">Sl. 110.1<\/a> (Disse o Senhor ao meu Senhor?)<\/li>\n<li><a title=\"I Jo. 1.18\" href=\"https:\/\/www.unitarismobiblico.com\/w\/2010\/05\/09\/jo-1-18\/\">Jo. 1.18<\/a> (Deus unig\u00eanito)<\/li>\n<li><a title=\"I Tm. 3.16\" href=\"https:\/\/www.unitarismobiblico.com\/w\/2010\/05\/09\/i-tm-3-16\/\">I\u00a0Tm. 3.16<\/a> (Deus que se manifestou em carne)<\/li>\n<li><a title=\"Cl. 2.2\" href=\"https:\/\/www.unitarismobiblico.com\/w\/2010\/05\/09\/cl-2-2\/\">Cl. 2.2<\/a> (O mist\u00e9rio de Deus-Cristo)<\/li>\n<li><a title=\"I Jo. 5.7\" href=\"https:\/\/www.unitarismobiblico.com\/w\/2010\/05\/09\/i-jo-5-7\/\">I Jo. 5.7<\/a> (tr\u00eas s\u00e3o os que testificam no c\u00e9u)<\/li>\n<li><a title=\"Jd. v.5\" href=\"https:\/\/www.unitarismobiblico.com\/w\/2018\/08\/31\/a-nova-redacao-de-jd-v-5\/\">Jd. 5<\/a>\u00a0(Jesus tirou Israel do Egito?)<\/li>\n<\/ul>\n<\/div>\n<p style=\"text-align: center;\">______________________________________<\/p>\n<p><strong>Coment\u00e1rios sobre termos usados em favor da identidade do Pai com o Filho<\/strong><\/p>\n<ul>\n<li><a title=\"Echad e Yachid\" href=\"https:\/\/www.unitarismobiblico.com\/w\/2010\/05\/10\/echad-e-yachid\/\">Echad e Yachid<\/a> (Unidade composta e unidade absoluta)<\/li>\n<li><a title=\"Elohim - A pluralidade de Deus\" href=\"https:\/\/www.unitarismobiblico.com\/w\/2010\/05\/10\/elohim\/\">Elohim<\/a> (O plural de Deus?)<\/li>\n<li><a title=\"Arranjos tri\u00e1ticos\" href=\"https:\/\/www.unitarismobiblico.com\/w\/2010\/05\/10\/arranjos-triaticos\/\">Arranjos tri\u00e1ticos<\/a> (Ser\u00e1 que determinam a trindade?)<\/li>\n<li><a title=\"A Peshitta prova que Jesus \u00e9 Yahweh?\" href=\"https:\/\/www.unitarismobiblico.com\/w\/2012\/05\/28\/a-peshitta-prova-que-jesus-e-yahweh\/\">A Peshitta prova que Jesus \u00e9 Yahweh?<\/a> (Parte 1)<\/li>\n<li><a title=\"A Peshitta prova que Jesus \u00e9 Yahweh? \" href=\"https:\/\/www.unitarismobiblico.com\/w\/2012\/05\/28\/a-peshitta-prova-que-jesus-e-yahweh-parte-2\/\">A Peshitta prova que Jesus \u00e9 Yahweh?<\/a> (Parte 2)<\/li>\n<\/ul>\n<p style=\"text-align: center;\">______________________________________<\/p>\n<p><strong>Considera\u00e7\u00f5es pertinentes<\/strong><\/p>\n<ul>\n<li><a title=\"O que \u00e9 a trindade\" href=\"https:\/\/www.unitarismobiblico.com\/w\/2010\/05\/10\/o-que-e-a-trindade\/\">O que \u00e9 a trindade<\/a>?\u00a0(Tentando entender o conceito trinit\u00e1rio)<\/li>\n<li><a title=\"Iguais na deidade e diferentes nas fun\u00e7\u00f5es\" href=\"https:\/\/www.unitarismobiblico.com\/w\/2010\/10\/26\/iguais-na-deidade-e-diferentes-nas-funcoes\/\">Iguais na deidade e diferentes nas fun\u00e7\u00f5es<\/a> (Ser\u00e1 isso poss\u00edvel?)<\/li>\n<li><a title=\"A quarta Hip\u00f3stase\" href=\"https:\/\/www.unitarismobiblico.com\/w\/2010\/10\/09\/a-quarta-hipostase-a-sintese-dos-tres\/\">A quarta Hip\u00f3stase<\/a> (A Trindade com quatro pessoas)<\/li>\n<li><a title=\"Quais as Causas das Persegui\u00e7\u00f5es dos Crist\u00e3os no Livro de Atos?\" href=\"https:\/\/www.unitarismobiblico.com\/w\/2010\/12\/06\/quais-as-causas-das-perseguicoes-dos-cristaos-no-livro-de-atos\/\">Quais as causas das persegui\u00e7\u00f5es dos crist\u00e3os no Livro de Atos?<\/a><\/li>\n<li><a title=\"Crer na trindade\" href=\"https:\/\/www.unitarismobiblico.com\/w\/2010\/05\/10\/voce-precisa-acreditar-na-trindade-para-ser-salvo\/\">Crer na trindade&#8230;<\/a>(Ser\u00e1 necess\u00e1rio \u00e0 salva\u00e7\u00e3o?)<\/li>\n<li><a title=\"Vers\u00edculos trinit\u00e1rios? Exsitem?\" href=\"https:\/\/www.unitarismobiblico.com\/w\/2010\/05\/10\/versiculos-trinitarios\/\">Vers\u00edculos trinit\u00e1rios?<\/a> (Existem mesmo?)<\/li>\n<li><a title=\"Pergunte \u00e0 B\u00edblia: Quantos Deus &quot;\u00e9&quot;?\" href=\"https:\/\/www.unitarismobiblico.com\/w\/2010\/05\/16\/pergunte-a-biblia-quantos-deus-e\/\">Pergunte \u00e0 B\u00edblia: Quantos Deus &#8220;\u00e9&#8221;&#8230;<\/a> (e descubra a resposta!)<\/li>\n<li><a title=\"Deus morreu por nossos pecados\" href=\"https:\/\/www.unitarismobiblico.com\/w\/2010\/05\/11\/deus-morreu-por-nossos-pecados\/\">Deus morreu por nossos pecados<\/a> (Ser\u00e1 mesmo?)<\/li>\n<li><a title=\"Jesus ressuscitou a si mesmo?\" href=\"https:\/\/www.unitarismobiblico.com\/w\/2010\/05\/11\/jesus-ressuscitou-a-ele-mesmo\/\">Jesus ressuscitou a si mesmo<\/a> (Isso \u00e9 poss\u00edvel?)<\/li>\n<li><a title=\"Quem era Jesus segundo Jo\u00e3o\" href=\"https:\/\/www.unitarismobiblico.com\/w\/2010\/05\/16\/quem-era-jesus-nos-relatos-de-joao-o-evangelista\/\">Quem era Jesus segundo Jo\u00e3o<\/a> (Jo\u00e3o ensinou que Jesus era igual a Deus, seu Pai?)<\/li>\n<li><a title=\"Quem era Jesus segundo Ele mesmo\" href=\"https:\/\/www.unitarismobiblico.com\/w\/2010\/05\/16\/quem-era-jesus-segundo-ele-mesmo\/\">Quem era Jesus segundo Ele mesmo<\/a> (Ele disse ser Deus?)<\/li>\n<li><a title=\"Quem era Jesus segundo Paulo\" href=\"https:\/\/www.unitarismobiblico.com\/w\/2012\/06\/26\/quem-era-jesus-segundo-paulo\/\">Quem era Jesus segundo Paulo<\/a> (Ser\u00e1 que ele afirmou que Jesus era o pr\u00f3prio Deus?)<\/li>\n<li><a title=\"Filho de Deus, n\u00e3o &quot;Deus Filho&quot;\" href=\"https:\/\/www.unitarismobiblico.com\/w\/2010\/05\/16\/filho-de-deus-nao-deus-filho\/\">Filho de Deus, n\u00e3o &#8220;Deus Filho&#8221;!<\/a> (Filho de Deus significa ser igual a Deus?)<\/li>\n<li><a title=\"Jesus foi adorado?\" href=\"https:\/\/www.unitarismobiblico.com\/w\/2010\/11\/02\/jesus-foi-adorado\/\">Jesus foi adorado?<\/a> (PARTE 1)<\/li>\n<li><a title=\"Jesus foi adorado?\" href=\"https:\/\/www.unitarismobiblico.com\/w\/2010\/11\/02\/jesus-foi-adorado-2\/\">Jesus foi adorado?<\/a> (PARTE 2)<\/li>\n<li><a title=\"O que \u00e9 uma heresia?\" href=\"https:\/\/www.unitarismobiblico.com\/w\/2010\/10\/09\/o-que-e-uma-heresia\/\">O que \u00e9 uma heresia?<\/a> (Voc\u00ea \u00e9 um herege para algu\u00e9m)<\/li>\n<li><a title=\"Miguel de Servet \u00e9 queimado vivo por n\u00e3o ser trinit\u00e1rio\" href=\"https:\/\/www.unitarismobiblico.com\/w\/2014\/03\/30\/miguel-de-servet-e-queimado-vivo-por-nao-ser-trinitario\/\">Miguel de Servet \u00e9 queimado vivo por n\u00e3o ser trinit\u00e1rio<\/a>\u00a0(Uma senten\u00e7a viciada)<\/li>\n<li><a title=\"Admiss\u00f5es Chocantes (por Joel Hemphill)\" href=\"https:\/\/www.unitarismobiblico.com\/w\/2015\/04\/04\/admissoes-chocantes-por-joel-hemphill\/\">Admiss\u00f5es Chocantes (por Joel Hemphill<\/a>)\u00a0(Eminentes trinit\u00e1rios sabem da inexist\u00eancia \u00a0de seu ensino na b\u00edblia)<\/li>\n<li><a title=\"O que \u00e9 uma heresia?\" href=\"https:\/\/www.unitarismobiblico.com\/w\/2015\/12\/19\/mc-13-32-uma-pedra-no-sapato-trinitario\/\">Mc. 13.32<\/a>\u00a0(Uma pedra no sapato trinit\u00e1rio)<\/li>\n<li><a title=\"O que \u00e9 uma heresia?\" href=\"https:\/\/www.unitarismobiblico.com\/w\/2010\/04\/29\/o-que-e-o-unitarismo\/\">O que \u00e9 Unitarismo<\/a>\u00a0(Entenda o que significa)<\/li>\n<li><a title=\"O que \u00e9 uma heresia?\" href=\"https:\/\/www.unitarismobiblico.com\/w\/2022\/03\/04\/jesus-ser-invocado-faz-dele-deus\/\">Jesus ser invocado faz dele Deus?<\/a>\u00a0(O termo &#8220;invocar&#8221; n\u00e3o \u00e9 exclusivo)<\/li>\n<li><a title=\"O que \u00e9 uma heresia?\" href=\"https:\/\/www.unitarismobiblico.com\/w\/2022\/03\/04\/nao-ha-oracao-expressa-a-jesus-no-nt\/\">N\u00e3o h\u00e1 ora\u00e7\u00e3o expressa a Jesus no NT<\/a>\u00a0(A quem Jesus nos ensinou a orar?)<\/li>\n<\/ul>\n<p style=\"text-align: center;\">______________________________________<\/p>\n<p><strong>Os chamados &#8220;Pais&#8221; da Igreja e a Trindade<\/strong><\/p>\n<ul>\n<li><a title=\"A Trindade de Tertuliano\" href=\"https:\/\/www.unitarismobiblico.com\/w\/2010\/09\/20\/a-trindade-de-tertuliano\/\">A Trindade de Tertuliano<\/a> (Ser\u00e1 que Tertuliano cria como os trinit\u00e1rios creem?)<\/li>\n<li><a title=\"In\u00e1cio e os problemas que o envolvem\" href=\"https:\/\/www.unitarismobiblico.com\/w\/2014\/11\/04\/inacio-e-os-problemas-que-o-envolvem\/\">In\u00e1cio e os problemas que o envolvem<\/a>\u00a0(Os escritos atribu\u00eddos a ele s\u00e3o confi\u00e1veis?)<\/li>\n<li><a title=\"Justino e a Trindade\" href=\"https:\/\/www.unitarismobiblico.com\/w\/2010\/10\/17\/justino-e-a-trindade\/\">Justino e a Trindade<\/a> (Mais um do II s\u00e9culo que, dizem, defendia a trindade. Ser\u00e1?)<\/li>\n<li><a title=\"Hermas era trint\u00e1rio?\" href=\"https:\/\/www.unitarismobiblico.com\/w\/2011\/06\/13\/hermas\/\">Hermas<\/a> (Ser\u00e1 que &#8220;O Pastor&#8221; do II s\u00e9culo defendia a trindade?)<\/li>\n<li><a title=\"Clemente de Roma\" href=\"https:\/\/www.unitarismobiblico.com\/w\/2011\/07\/21\/clemente-e-a-proximidade-com-as-orignes\/\">Clemente de Roma<\/a> (O que revela a proximidade com as origens?)<\/li>\n<\/ul>\n","protected":false},"excerpt":{"rendered":"<p>Comunga com essas ideias? Participe do grupo Unitarismo B\u00edblico no Google Groups Cadastre-se no Grupo \u00a0usando seu e-mail j\u00e1 existente: Gmail, Yahoo, Bol, Hotmail, \u00a0R7, etc.,z CADASTRAR&#8211;SE NO GRUPO Se j\u00e1 se cadastrou ACESSE O GRUPO O CONTE\u00daDO E\/OU A REDA\u00c7\u00c3O S\u00c3O REGULARMENTE ATUALIZADOS Vers\u00edculos e textos Ap\u00f3s a morte do \u00faltimo ap\u00f3stolo o mundo [&hellip;]<\/p>\n","protected":false},"author":1,"featured_media":0,"parent":0,"menu_order":0,"comment_status":"closed","ping_status":"open","template":"","meta":{"footnotes":""},"class_list":["post-32","page","type-page","status-publish","hentry"],"_links":{"self":[{"href":"https:\/\/www.unitarismobiblico.com\/w\/wp-json\/wp\/v2\/pages\/32","targetHints":{"allow":["GET"]}}],"collection":[{"href":"https:\/\/www.unitarismobiblico.com\/w\/wp-json\/wp\/v2\/pages"}],"about":[{"href":"https:\/\/www.unitarismobiblico.com\/w\/wp-json\/wp\/v2\/types\/page"}],"author":[{"embeddable":true,"href":"https:\/\/www.unitarismobiblico.com\/w\/wp-json\/wp\/v2\/users\/1"}],"replies":[{"embeddable":true,"href":"https:\/\/www.unitarismobiblico.com\/w\/wp-json\/wp\/v2\/comments?post=32"}],"version-history":[{"count":24,"href":"https:\/\/www.unitarismobiblico.com\/w\/wp-json\/wp\/v2\/pages\/32\/revisions"}],"predecessor-version":[{"id":1113,"href":"https:\/\/www.unitarismobiblico.com\/w\/wp-json\/wp\/v2\/pages\/32\/revisions\/1113"}],"wp:attachment":[{"href":"https:\/\/www.unitarismobiblico.com\/w\/wp-json\/wp\/v2\/media?parent=32"}],"curies":[{"name":"wp","href":"https:\/\/api.w.org\/{rel}","templated":true}]}}